{"id":100,"date":"2025-10-14T07:41:43","date_gmt":"2025-10-14T13:41:43","guid":{"rendered":"https:\/\/aes-computers.com\/?page_id=100"},"modified":"2025-11-30T10:58:46","modified_gmt":"2025-11-30T16:58:46","slug":"montaje-administracion-y-mantenimiento-de-redes","status":"publish","type":"page","link":"https:\/\/aes-computers.com\/index.php\/montaje-administracion-y-mantenimiento-de-redes\/","title":{"rendered":"Montaje, Administraci\u00f3n y Mantenimiento de Redes"},"content":{"rendered":"\t\t<div data-elementor-type=\"wp-page\" data-elementor-id=\"100\" class=\"elementor elementor-100\">\n\t\t\t\t<div class=\"elementor-element elementor-element-6e7c162b e-flex e-con-boxed e-con e-parent\" data-id=\"6e7c162b\" data-element_type=\"container\" data-e-type=\"container\">\n\t\t\t\t\t<div class=\"e-con-inner\">\n\t\t<div class=\"elementor-element elementor-element-d45d58d e-con-full e-flex e-con e-child\" data-id=\"d45d58d\" data-element_type=\"container\" data-e-type=\"container\">\n\t\t\t\t<div class=\"elementor-element elementor-element-7d2d758 elementor-widget elementor-widget-image\" data-id=\"7d2d758\" data-element_type=\"widget\" data-e-type=\"widget\" data-widget_type=\"image.default\">\n\t\t\t\t\t\t\t\t\t\t\t\t\t\t\t<img fetchpriority=\"high\" decoding=\"async\" width=\"1024\" height=\"683\" src=\"https:\/\/aes-computers.com\/wp-content\/uploads\/2025\/11\/c5685a0a-eced-481b-bb59-69cff7d6ff86-1024x683.jpg\" class=\"attachment-large size-large wp-image-280\" alt=\"\" srcset=\"https:\/\/aes-computers.com\/wp-content\/uploads\/2025\/11\/c5685a0a-eced-481b-bb59-69cff7d6ff86-1024x683.jpg 1024w, https:\/\/aes-computers.com\/wp-content\/uploads\/2025\/11\/c5685a0a-eced-481b-bb59-69cff7d6ff86-300x200.jpg 300w, https:\/\/aes-computers.com\/wp-content\/uploads\/2025\/11\/c5685a0a-eced-481b-bb59-69cff7d6ff86-768x512.jpg 768w, https:\/\/aes-computers.com\/wp-content\/uploads\/2025\/11\/c5685a0a-eced-481b-bb59-69cff7d6ff86.jpg 1536w\" sizes=\"(max-width: 1024px) 100vw, 1024px\" \/>\t\t\t\t\t\t\t\t\t\t\t\t\t\t\t<\/div>\n\t\t\t\t<\/div>\n\t\t\t\t<div class=\"elementor-element elementor-element-68fd18a1 elementor-widget elementor-widget-text-editor\" data-id=\"68fd18a1\" data-element_type=\"widget\" data-e-type=\"widget\" data-widget_type=\"text-editor.default\">\n\t\t\t\t\t\t\t\t\t\n<p>En <strong>AES Computers<\/strong> ofrecemos soluciones completas para el dise\u00f1o, instalaci\u00f3n, administraci\u00f3n y mantenimiento de redes empresariales, tanto al\u00e1mbricas como inal\u00e1mbricas. Nuestro servicio est\u00e1 orientado a garantizar la conectividad, seguridad y eficiencia de tu infraestructura tecnol\u00f3gica, ya sea que est\u00e9s iniciando desde cero o necesites optimizar una red existente.<\/p>\n\n\n\n<p>Trabajamos bajo esquemas flexibles: desde intervenciones puntuales hasta contratos mensuales o anuales, adaptados al tama\u00f1o y complejidad de tu operaci\u00f3n.<\/p>\n\n\n\n<h4 class=\"wp-block-heading\">\ud83d\udee0\ufe0f \u00bfQu\u00e9 incluye nuestro servicio?<\/h4>\n\n\n\n<ul class=\"wp-block-list\">\n<li><strong>Montaje de redes nuevas<\/strong>: planificaci\u00f3n, cableado estructurado, configuraci\u00f3n de equipos<\/li>\n\n\n\n<li><strong>Administraci\u00f3n de redes existentes<\/strong>: monitoreo, ajustes, optimizaci\u00f3n de tr\u00e1fico<\/li>\n\n\n\n<li><strong>Mantenimiento preventivo y correctivo<\/strong>: revisi\u00f3n peri\u00f3dica, soluci\u00f3n de fallos<\/li>\n\n\n\n<li><strong>Reinstalaci\u00f3n y reconfiguraci\u00f3n<\/strong> de redes obsoletas o mal estructuradas<\/li>\n\n\n\n<li><strong>Implementaci\u00f3n de redes h\u00edbridas<\/strong>: integraci\u00f3n de sistemas al\u00e1mbricos e inal\u00e1mbricos<\/li>\n<\/ul>\n\n\n\n<h4 class=\"wp-block-heading\">\ud83d\udd27 Tipos de redes y tecnolog\u00edas que manejamos<\/h4>\n\n\n\n<ul class=\"wp-block-list\">\n<li><strong>Redes al\u00e1mbricas<\/strong>: datos, telefon\u00eda IP, cableado el\u00e9ctrico<\/li>\n\n\n\n<li><strong>Redes inal\u00e1mbricas<\/strong>: Wi-Fi empresarial, puntos de acceso, roaming<\/li>\n\n\n\n<li><strong>Administraci\u00f3n de conexi\u00f3n a Internet<\/strong>: balanceo de carga, redundancia<\/li>\n\n\n\n<li><strong>Configuraci\u00f3n de VPN y VLAN<\/strong><\/li>\n\n\n\n<li><strong>Monitoreo de enlaces y tr\u00e1fico de red<\/strong><\/li>\n\n\n\n<li><strong>Telefon\u00eda IP y servicios de voz sobre red<\/strong><\/li>\n<\/ul>\n\n\n\n<h4 class=\"wp-block-heading\">\ud83c\udfaf Beneficios para tu empresa<\/h4>\n\n\n\n<ul class=\"wp-block-list\">\n<li>Mayor estabilidad y velocidad en la conectividad<\/li>\n\n\n\n<li>Reducci\u00f3n de interrupciones y fallos t\u00e9cnicos<\/li>\n\n\n\n<li>Seguridad reforzada en la transmisi\u00f3n de datos<\/li>\n\n\n\n<li>Escalabilidad para acompa\u00f1ar el crecimiento de tu negocio<\/li>\n\n\n\n<li>Soporte t\u00e9cnico especializado y atenci\u00f3n personalizada<\/li>\n<\/ul>\n\n\n\n<p>Este servicio es ideal para empresas que dependen de una red s\u00f3lida para operar con eficiencia y seguridad.<\/p>\n\t\t\t\t\t\t\t\t<\/div>\n\t\t\t\t\t<\/div>\n\t\t\t\t<\/div>\n\t\t\t\t<\/div>\n\t\t","protected":false},"excerpt":{"rendered":"<p>En AES Computers ofrecemos soluciones completas para el dise\u00f1o, instalaci\u00f3n, administraci\u00f3n y mantenimiento de redes empresariales, tanto al\u00e1mbricas como inal\u00e1mbricas. Nuestro servicio est\u00e1 orientado a garantizar la conectividad, seguridad y eficiencia de tu infraestructura tecnol\u00f3gica, ya sea que est\u00e9s iniciando desde cero o necesites optimizar una red existente. Trabajamos bajo esquemas flexibles: desde intervenciones puntuales [&hellip;]<\/p>\n","protected":false},"author":1,"featured_media":0,"parent":0,"menu_order":0,"comment_status":"closed","ping_status":"closed","template":"","meta":{"footnotes":""},"class_list":["post-100","page","type-page","status-publish","hentry"],"_links":{"self":[{"href":"https:\/\/aes-computers.com\/index.php\/wp-json\/wp\/v2\/pages\/100","targetHints":{"allow":["GET"]}}],"collection":[{"href":"https:\/\/aes-computers.com\/index.php\/wp-json\/wp\/v2\/pages"}],"about":[{"href":"https:\/\/aes-computers.com\/index.php\/wp-json\/wp\/v2\/types\/page"}],"author":[{"embeddable":true,"href":"https:\/\/aes-computers.com\/index.php\/wp-json\/wp\/v2\/users\/1"}],"replies":[{"embeddable":true,"href":"https:\/\/aes-computers.com\/index.php\/wp-json\/wp\/v2\/comments?post=100"}],"version-history":[{"count":6,"href":"https:\/\/aes-computers.com\/index.php\/wp-json\/wp\/v2\/pages\/100\/revisions"}],"predecessor-version":[{"id":283,"href":"https:\/\/aes-computers.com\/index.php\/wp-json\/wp\/v2\/pages\/100\/revisions\/283"}],"wp:attachment":[{"href":"https:\/\/aes-computers.com\/index.php\/wp-json\/wp\/v2\/media?parent=100"}],"curies":[{"name":"wp","href":"https:\/\/api.w.org\/{rel}","templated":true}]}}