{"id":84,"date":"2025-10-14T07:27:13","date_gmt":"2025-10-14T13:27:13","guid":{"rendered":"https:\/\/aes-computers.com\/?page_id=84"},"modified":"2025-11-30T11:14:21","modified_gmt":"2025-11-30T17:14:21","slug":"servicios-para-profesionales-independientes","status":"publish","type":"page","link":"https:\/\/aes-computers.com\/index.php\/servicios-para-profesionales-independientes\/","title":{"rendered":"Servicios para profesionales independientes"},"content":{"rendered":"\t\t<div data-elementor-type=\"wp-page\" data-elementor-id=\"84\" class=\"elementor elementor-84\">\n\t\t\t\t<div class=\"elementor-element elementor-element-51e68e34 e-flex e-con-boxed e-con e-parent\" data-id=\"51e68e34\" data-element_type=\"container\" data-e-type=\"container\">\n\t\t\t\t\t<div class=\"e-con-inner\">\n\t\t<div class=\"elementor-element elementor-element-846069b e-con-full e-flex e-con e-child\" data-id=\"846069b\" data-element_type=\"container\" data-e-type=\"container\">\n\t\t\t\t<div class=\"elementor-element elementor-element-b7ae841 elementor-widget elementor-widget-image\" data-id=\"b7ae841\" data-element_type=\"widget\" data-e-type=\"widget\" data-widget_type=\"image.default\">\n\t\t\t\t\t\t\t\t\t\t\t\t\t\t\t<img fetchpriority=\"high\" decoding=\"async\" width=\"1024\" height=\"683\" src=\"https:\/\/aes-computers.com\/wp-content\/uploads\/2025\/11\/Designer-13-1024x683.png\" class=\"attachment-large size-large wp-image-296\" alt=\"\" srcset=\"https:\/\/aes-computers.com\/wp-content\/uploads\/2025\/11\/Designer-13-1024x683.png 1024w, https:\/\/aes-computers.com\/wp-content\/uploads\/2025\/11\/Designer-13-300x200.png 300w, https:\/\/aes-computers.com\/wp-content\/uploads\/2025\/11\/Designer-13-768x512.png 768w, https:\/\/aes-computers.com\/wp-content\/uploads\/2025\/11\/Designer-13.png 1536w\" sizes=\"(max-width: 1024px) 100vw, 1024px\" \/>\t\t\t\t\t\t\t\t\t\t\t\t\t\t\t<\/div>\n\t\t\t\t<\/div>\n\t\t\t\t<div class=\"elementor-element elementor-element-5b79279a elementor-widget elementor-widget-text-editor\" data-id=\"5b79279a\" data-element_type=\"widget\" data-e-type=\"widget\" data-widget_type=\"text-editor.default\">\n\t\t\t\t\t\t\t\t\t\n<p>Tenemos presente que en nuestro mercado los profesionales independientes forman una parte muy importante de nuestra econom\u00eda; por lo cual, tenemos servicios especialmente adaptados para sus necesidades del \u00e1rea inform\u00e1tica.<\/p>\n\n\n\n<p>No dude en consultarnos acerca de su necesidad. Con gusto le atenderemos al correo: info@aes-computers.com<\/p>\n\t\t\t\t\t\t\t\t<\/div>\n\t\t\t\t\t<\/div>\n\t\t\t\t<\/div>\n\t\t\t\t<\/div>\n\t\t","protected":false},"excerpt":{"rendered":"<p>Tenemos presente que en nuestro mercado los profesionales independientes forman una parte muy importante de nuestra econom\u00eda; por lo cual, tenemos servicios especialmente adaptados para sus necesidades del \u00e1rea inform\u00e1tica. No dude en consultarnos acerca de su necesidad. Con gusto le atenderemos al correo: info@aes-computers.com<\/p>\n","protected":false},"author":1,"featured_media":0,"parent":0,"menu_order":0,"comment_status":"closed","ping_status":"closed","template":"","meta":{"footnotes":""},"class_list":["post-84","page","type-page","status-publish","hentry"],"_links":{"self":[{"href":"https:\/\/aes-computers.com\/index.php\/wp-json\/wp\/v2\/pages\/84","targetHints":{"allow":["GET"]}}],"collection":[{"href":"https:\/\/aes-computers.com\/index.php\/wp-json\/wp\/v2\/pages"}],"about":[{"href":"https:\/\/aes-computers.com\/index.php\/wp-json\/wp\/v2\/types\/page"}],"author":[{"embeddable":true,"href":"https:\/\/aes-computers.com\/index.php\/wp-json\/wp\/v2\/users\/1"}],"replies":[{"embeddable":true,"href":"https:\/\/aes-computers.com\/index.php\/wp-json\/wp\/v2\/comments?post=84"}],"version-history":[{"count":5,"href":"https:\/\/aes-computers.com\/index.php\/wp-json\/wp\/v2\/pages\/84\/revisions"}],"predecessor-version":[{"id":299,"href":"https:\/\/aes-computers.com\/index.php\/wp-json\/wp\/v2\/pages\/84\/revisions\/299"}],"wp:attachment":[{"href":"https:\/\/aes-computers.com\/index.php\/wp-json\/wp\/v2\/media?parent=84"}],"curies":[{"name":"wp","href":"https:\/\/api.w.org\/{rel}","templated":true}]}}